{"id":617,"date":"2024-08-19T15:33:56","date_gmt":"2024-08-19T13:33:56","guid":{"rendered":"https:\/\/info.elektroskandia.se\/ledvance\/?page_id=617"},"modified":"2024-08-27T10:29:59","modified_gmt":"2024-08-27T08:29:59","slug":"2024-2","status":"publish","type":"page","link":"https:\/\/info.elektroskandia.se\/ledvance\/","title":{"rendered":"2024"},"content":{"rendered":"<p>[et_pb_section fb_built=&#8221;1&#8243; _builder_version=&#8221;4.27.0&#8243; _module_preset=&#8221;default&#8221; background_color=&#8221;#000000&#8243; background_image=&#8221;http:\/\/info.elektroskandia.se\/ledvance\/files\/2024\/08\/huvudbild2.jpg&#8221; global_colors_info=&#8221;{}&#8221;][et_pb_row _builder_version=&#8221;4.22.1&#8243; _module_preset=&#8221;default&#8221; background_enable_image=&#8221;off&#8221; background_position=&#8221;top_left&#8221; min_height=&#8221;333px&#8221; custom_margin=&#8221;|auto|-2px|auto||&#8221; global_colors_info=&#8221;{}&#8221;][et_pb_column type=&#8221;4_4&#8243; _builder_version=&#8221;4.16&#8243; _module_preset=&#8221;default&#8221; global_colors_info=&#8221;{}&#8221;][\/et_pb_column][\/et_pb_row][\/et_pb_section][et_pb_section fb_built=&#8221;1&#8243; _builder_version=&#8221;4.16&#8243; _module_preset=&#8221;default&#8221; custom_margin=&#8221;-13px|||||&#8221; global_colors_info=&#8221;{}&#8221;][et_pb_row column_structure=&#8221;3_5,2_5&#8243; _builder_version=&#8221;4.27.0&#8243; _module_preset=&#8221;default&#8221; custom_margin=&#8221;|auto|-2px|auto||&#8221; custom_padding=&#8221;58px||31px|||&#8221; global_colors_info=&#8221;{}&#8221;][et_pb_column type=&#8221;3_5&#8243; _builder_version=&#8221;4.16&#8243; _module_preset=&#8221;default&#8221; global_colors_info=&#8221;{}&#8221;][et_pb_text _builder_version=&#8221;4.27.0&#8243; _module_preset=&#8221;default&#8221; text_font=&#8221;Roboto|300|||||||&#8221; text_font_size=&#8221;22px&#8221; text_line_height=&#8221;1.8em&#8221; header_2_font=&#8221;Roboto|900||on|||||&#8221; header_2_text_color=&#8221;#000000&#8243; header_3_text_color=&#8221;#000000&#8243; header_3_font_size=&#8221;26px&#8221; custom_margin=&#8221;19px|||||&#8221; global_colors_info=&#8221;{}&#8221;]<\/p>\n<h2>Best\u00e4ll idag<\/h2>\n<h3>LYS UPP MORGONDAGEN<\/h3>\n<p>P\u00e5 LEDVANCE hittar du r\u00e4tt belysning f\u00f6r varje uppgift. V\u00e5rt omfattande utbud av belysningsl\u00f6sningar &#8211; fr\u00e5n h\u00f6geffektiva LED-lysr\u00f6r f\u00f6r kontor till robusta str\u00e5lkastare f\u00f6r idrottsarenor &#8211; \u00e4r specifikt utformade f\u00f6r att g\u00f6ra ditt arbete enklare och mer effektivt.<\/p>\n<p>[\/et_pb_text][et_pb_button button_url=&#8221;http:\/\/info.elektroskandia.se\/ledvance\/files\/2024\/08\/Elektroskandia_kampanj_2024.pdf&#8221; url_new_window=&#8221;on&#8221; button_text=&#8221;KAMPANJKATALOG 2024&#8243; button_alignment=&#8221;left&#8221; _builder_version=&#8221;4.27.0&#8243; _module_preset=&#8221;default&#8221; custom_button=&#8221;on&#8221; button_text_size=&#8221;14px&#8221; button_text_color=&#8221;#0C71C3&#8243; button_border_radius=&#8221;44px&#8221; hover_enabled=&#8221;0&#8243; global_colors_info=&#8221;{}&#8221; sticky_enabled=&#8221;0&#8243;][\/et_pb_button][et_pb_text _builder_version=&#8221;4.27.0&#8243; _module_preset=&#8221;default&#8221; global_colors_info=&#8221;{}&#8221;]<\/p>\n<p>Kampanjen slutar 31 oktober 2024<\/p>\n<p>[\/et_pb_text][\/et_pb_column][et_pb_column type=&#8221;2_5&#8243; _builder_version=&#8221;4.16&#8243; _module_preset=&#8221;default&#8221; global_colors_info=&#8221;{}&#8221;][et_pb_image src=&#8221;http:\/\/info.elektroskandia.se\/ledvance\/files\/2024\/08\/nykatalog-e1724143127154.jpg&#8221; title_text=&#8221;nykatalog&#8221; url=&#8221;https:\/\/catalogsonepar.ledvance.com\/ssd\/lev\/Sverige-2024&#8243; url_new_window=&#8221;on&#8221; _builder_version=&#8221;4.27.0&#8243; _module_preset=&#8221;default&#8221; custom_padding=&#8221;40px|||||&#8221; global_colors_info=&#8221;{}&#8221;][\/et_pb_image][et_pb_button button_url=&#8221;https:\/\/catalogsonepar.ledvance.com\/ssd\/lev\/Sverige-2024&#8243; url_new_window=&#8221;on&#8221; button_text=&#8221;SE V\u00c5R NYA E-KATALOG&#8221; button_alignment=&#8221;right&#8221; _builder_version=&#8221;4.27.0&#8243; _module_preset=&#8221;default&#8221; custom_button=&#8221;on&#8221; button_text_size=&#8221;14px&#8221; button_text_color=&#8221;#0C71C3&#8243; button_border_radius=&#8221;44px&#8221; global_colors_info=&#8221;{}&#8221;][\/et_pb_button][\/et_pb_column][\/et_pb_row][et_pb_row column_structure=&#8221;1_2,1_2&#8243; _builder_version=&#8221;4.18.0&#8243; _module_preset=&#8221;default&#8221; global_colors_info=&#8221;{}&#8221;][et_pb_column type=&#8221;1_2&#8243; _builder_version=&#8221;4.18.0&#8243; _module_preset=&#8221;default&#8221; global_colors_info=&#8221;{}&#8221;][et_pb_image src=&#8221;http:\/\/info.elektroskandia.se\/ledvance\/files\/2024\/08\/Sonepar-Campaign_Application_INDUSTRY_900.jpg&#8221; title_text=&#8221;Sonepar-Campaign_Application_INDUSTRY_900&#8243; url=&#8221;https:\/\/tinyurl.com\/mmchwnny&#8221; url_new_window=&#8221;on&#8221; _builder_version=&#8221;4.27.0&#8243; _module_preset=&#8221;default&#8221; custom_margin=&#8221;||32px|||&#8221; global_colors_info=&#8221;{}&#8221;][\/et_pb_image][et_pb_text _builder_version=&#8221;4.27.0&#8243; _module_preset=&#8221;default&#8221; text_font=&#8221;Roboto|300|||||||&#8221; text_font_size=&#8221;16px&#8221; header_4_font=&#8221;Roboto|700|||||||&#8221; header_4_text_color=&#8221;#000000&#8243; global_colors_info=&#8221;{}&#8221;]<\/p>\n<h4>INDUSTRIL\u00d6SNINGAR F\u00d6R H\u00d6G PRODUKTIVITET<\/h4>\n<p>Installera LEDVANCE:s robusta industriarmaturer f\u00f6r att s\u00e4kerst\u00e4lla l\u00e5ngvarig och kostnadseffektiv belysning i tuffa milj\u00f6er. Dessa produkter \u00e4r enkla att installera, \u00e4r perfekta f\u00f6r lager och fabriker och erbjuder h\u00e5llbar prestanda samt betydande energieffektivitet.<\/p>\n<p>[\/et_pb_text][et_pb_button button_url=&#8221;https:\/\/tinyurl.com\/yrdhnapj&#8221; url_new_window=&#8221;on&#8221; button_text=&#8221;TILL PRODUKTERNA&#8221; button_alignment=&#8221;right&#8221; _builder_version=&#8221;4.27.0&#8243; _module_preset=&#8221;default&#8221; custom_button=&#8221;on&#8221; button_text_size=&#8221;14px&#8221; button_text_color=&#8221;#0C71C3&#8243; button_border_radius=&#8221;44px&#8221; global_colors_info=&#8221;{}&#8221;][\/et_pb_button][\/et_pb_column][et_pb_column type=&#8221;1_2&#8243; _builder_version=&#8221;4.18.0&#8243; _module_preset=&#8221;default&#8221; global_colors_info=&#8221;{}&#8221;][et_pb_image src=&#8221;http:\/\/info.elektroskandia.se\/ledvance\/files\/2024\/08\/Sonepar-Campaign_Application_OFFICE_900.jpg&#8221; title_text=&#8221;Sonepar-Campaign_Application_OFFICE_900&#8243; url=&#8221;https:\/\/tinyurl.com\/mmchwnny&#8221; url_new_window=&#8221;on&#8221; _builder_version=&#8221;4.27.0&#8243; _module_preset=&#8221;default&#8221; custom_margin=&#8221;||32px|||&#8221; global_colors_info=&#8221;{}&#8221;][\/et_pb_image][et_pb_text _builder_version=&#8221;4.27.0&#8243; _module_preset=&#8221;default&#8221; text_font=&#8221;Roboto|300|||||||&#8221; text_font_size=&#8221;16px&#8221; header_4_font=&#8221;Roboto|700|||||||&#8221; header_4_text_color=&#8221;#000000&#8243; global_colors_info=&#8221;{}&#8221;]<\/p>\n<h4>KONTORSL\u00d6SNINGAR F\u00d6R MAXIMAL EFFEKTIVITET<\/h4>\n<p>De praktiska LED-belysningsl\u00f6sningarna f\u00f6r kontor \u00e4r enkla att installera och byggda f\u00f6r att h\u00e5lla l\u00e4nge vilket minskar energikostnader och underh\u00e5ll. Detta g\u00f6r dem inte bara perfekta f\u00f6r kontorsmilj\u00f6er utan \u00e4r \u00e4ven f\u00f6rdelaktiga f\u00f6r dina kunders ekonomi.<\/p>\n<p>[\/et_pb_text][et_pb_button button_url=&#8221;https:\/\/tinyurl.com\/4ftuc5rh&#8221; url_new_window=&#8221;on&#8221; button_text=&#8221;TILL PRODUKTERNA&#8221; button_alignment=&#8221;right&#8221; _builder_version=&#8221;4.27.0&#8243; _module_preset=&#8221;default&#8221; custom_button=&#8221;on&#8221; button_text_size=&#8221;14px&#8221; button_text_color=&#8221;#0C71C3&#8243; button_border_radius=&#8221;44px&#8221; global_colors_info=&#8221;{}&#8221;][\/et_pb_button][\/et_pb_column][\/et_pb_row][et_pb_row column_structure=&#8221;1_2,1_2&#8243; _builder_version=&#8221;4.18.0&#8243; _module_preset=&#8221;default&#8221; custom_padding=&#8221;30px|||||&#8221; global_colors_info=&#8221;{}&#8221;][et_pb_column type=&#8221;1_2&#8243; _builder_version=&#8221;4.18.0&#8243; _module_preset=&#8221;default&#8221; global_colors_info=&#8221;{}&#8221;][et_pb_image src=&#8221;http:\/\/info.elektroskandia.se\/ledvance\/files\/2024\/08\/Sonepar-Campaign_Application_SPORTS_900.jpg&#8221; title_text=&#8221;Sonepar-Campaign_Application_SPORTS_900&#8243; url=&#8221;https:\/\/tinyurl.com\/mmchwnny&#8221; url_new_window=&#8221;on&#8221; _builder_version=&#8221;4.27.0&#8243; _module_preset=&#8221;default&#8221; custom_margin=&#8221;||32px|||&#8221; global_colors_info=&#8221;{}&#8221;][\/et_pb_image][et_pb_text _builder_version=&#8221;4.27.0&#8243; _module_preset=&#8221;default&#8221; text_font=&#8221;Roboto|300|||||||&#8221; text_font_size=&#8221;16px&#8221; header_4_font=&#8221;Roboto|700|||||||&#8221; header_4_text_color=&#8221;#000000&#8243; global_colors_info=&#8221;{}&#8221;]<\/p>\n<h4>SPORT- OCH ARENABELYSNING F\u00d6R ENAST\u00c5ENDE RESULTAT<\/h4>\n<p>LEDVANCE:s p\u00e5litliga belysningsl\u00f6sningar \u00e4r perfekta f\u00f6r olika idrottsmilj\u00f6er. Att de \u00e4r snabba och enkla att installera, kr\u00e4ver minimalt underh\u00e5ll och \u00e4r kostnadseffektiva \u00e4r bara n\u00e5gra av f\u00f6rdelarna som dina kunder kommer att uppskatta.<\/p>\n<p>[\/et_pb_text][et_pb_button button_url=&#8221;https:\/\/tinyurl.com\/yryxb9rt&#8221; url_new_window=&#8221;on&#8221; button_text=&#8221;TILL PRODUKTERNA&#8221; button_alignment=&#8221;right&#8221; _builder_version=&#8221;4.27.0&#8243; _module_preset=&#8221;default&#8221; custom_button=&#8221;on&#8221; button_text_size=&#8221;14px&#8221; button_text_color=&#8221;#0C71C3&#8243; button_border_radius=&#8221;44px&#8221; global_colors_info=&#8221;{}&#8221;][\/et_pb_button][\/et_pb_column][et_pb_column type=&#8221;1_2&#8243; _builder_version=&#8221;4.18.0&#8243; _module_preset=&#8221;default&#8221; global_colors_info=&#8221;{}&#8221;][et_pb_image src=&#8221;http:\/\/info.elektroskandia.se\/ledvance\/files\/2024\/08\/Sonepar-Campaign_Application_OUTDOOR_900.jpg&#8221; title_text=&#8221;Sonepar-Campaign_Application_OUTDOOR_900&#8243; url=&#8221;https:\/\/tinyurl.com\/mmchwnny&#8221; url_new_window=&#8221;on&#8221; _builder_version=&#8221;4.27.0&#8243; _module_preset=&#8221;default&#8221; custom_margin=&#8221;||32px|||&#8221; global_colors_info=&#8221;{}&#8221;][\/et_pb_image][et_pb_text _builder_version=&#8221;4.27.0&#8243; _module_preset=&#8221;default&#8221; text_font=&#8221;Roboto|300|||||||&#8221; text_font_size=&#8221;16px&#8221; header_4_font=&#8221;Roboto|700|||||||&#8221; header_4_text_color=&#8221;#000000&#8243; global_colors_info=&#8221;{}&#8221;]<\/p>\n<h4>UTOMHUSL\u00d6SNINGAR F\u00d6R TRYGGA PLATSER<\/h4>\n<p>Belysningsl\u00f6sningar fr\u00e5n LEDVANCE erbjuder enkel installation, l\u00e5ngvarig prestanda och energieffektivitet f\u00f6r gator och utomhusomr\u00e5den.<\/p>\n<p>[\/et_pb_text][et_pb_button button_url=&#8221;https:\/\/tinyurl.com\/23ubhnsu&#8221; url_new_window=&#8221;on&#8221; button_text=&#8221;TILL PRODUKTERNA&#8221; button_alignment=&#8221;right&#8221; _builder_version=&#8221;4.27.0&#8243; _module_preset=&#8221;default&#8221; custom_button=&#8221;on&#8221; button_text_size=&#8221;14px&#8221; button_text_color=&#8221;#0C71C3&#8243; button_border_radius=&#8221;44px&#8221; global_colors_info=&#8221;{}&#8221;][\/et_pb_button][\/et_pb_column][\/et_pb_row][\/et_pb_section][et_pb_section fb_built=&#8221;1&#8243; _builder_version=&#8221;4.16&#8243; _module_preset=&#8221;default&#8221; custom_margin=&#8221;||33px|||&#8221; custom_padding=&#8221;||33px|||&#8221; global_colors_info=&#8221;{}&#8221;][\/et_pb_section]<\/p>\n","protected":false},"excerpt":{"rendered":"<p>Best\u00e4ll idag LYS UPP MORGONDAGEN P\u00e5 LEDVANCE hittar du r\u00e4tt belysning f\u00f6r varje uppgift. V\u00e5rt omfattande utbud av belysningsl\u00f6sningar &#8211; fr\u00e5n h\u00f6geffektiva LED-lysr\u00f6r f\u00f6r kontor till robusta str\u00e5lkastare f\u00f6r idrottsarenor &#8211; \u00e4r specifikt utformade f\u00f6r att g\u00f6ra ditt arbete enklare och mer effektivt.Kampanjen slutar 31 oktober 2024INDUSTRIL\u00d6SNINGAR F\u00d6R H\u00d6G PRODUKTIVITET Installera LEDVANCE:s robusta industriarmaturer f\u00f6r [&hellip;]<\/p>\n","protected":false},"author":1,"featured_media":0,"parent":0,"menu_order":0,"comment_status":"closed","ping_status":"closed","template":"","meta":{"_et_pb_use_builder":"on","_et_pb_old_content":"","_et_gb_content_width":"","footnotes":""},"class_list":["post-617","page","type-page","status-publish","hentry"],"aioseo_notices":[],"_links":{"self":[{"href":"https:\/\/info.elektroskandia.se\/ledvance\/wp-json\/wp\/v2\/pages\/617","targetHints":{"allow":["GET"]}}],"collection":[{"href":"https:\/\/info.elektroskandia.se\/ledvance\/wp-json\/wp\/v2\/pages"}],"about":[{"href":"https:\/\/info.elektroskandia.se\/ledvance\/wp-json\/wp\/v2\/types\/page"}],"author":[{"embeddable":true,"href":"https:\/\/info.elektroskandia.se\/ledvance\/wp-json\/wp\/v2\/users\/1"}],"replies":[{"embeddable":true,"href":"https:\/\/info.elektroskandia.se\/ledvance\/wp-json\/wp\/v2\/comments?post=617"}],"version-history":[{"count":2,"href":"https:\/\/info.elektroskandia.se\/ledvance\/wp-json\/wp\/v2\/pages\/617\/revisions"}],"predecessor-version":[{"id":649,"href":"https:\/\/info.elektroskandia.se\/ledvance\/wp-json\/wp\/v2\/pages\/617\/revisions\/649"}],"wp:attachment":[{"href":"https:\/\/info.elektroskandia.se\/ledvance\/wp-json\/wp\/v2\/media?parent=617"}],"curies":[{"name":"wp","href":"https:\/\/api.w.org\/{rel}","templated":true}]}}